
5
Let q be (27/2)/(4/(-80)*-5). Calculate the highest common divisor of q and 6.
6
Let i be 8*(1 - 0 - -8). Suppose 5*a = -0*a + 15. Let l be (-4 + a - 0) + 19. What is the highest common factor of l and i?
18
Suppose 3*x + 0*x - 28 = -4*p, 2*x + 5*p - 28 = 0. Let t be (2/(-4))/(1/(-72)). What is the greatest common divisor of t and x?
4
Let q(r) = -r**3 + 2*r**2 + 2*r + 13. Let l be q(0). Calculate the highest common divisor of 65 and l.
13
Suppose 5*z = 3*s + 148, 0*s - 28 = -z + s. Suppose 4*h + 3*i + 72 = 0, 19 + 7 = -2*h - 4*i. Let b = h + z. Calculate the highest common divisor of b and 121.
11
Let p = -26 + 50. What is the highest common divisor of 8 and p?
8
Let r = 124 - 115. Let i(u) be the second derivative of 13*u**3/3 - 3*u**2/2 - u. Let l be i(r). What is the greatest common factor of 21 and l?
21
Let o(p) = -2*p**3 - 2*p**2 + 2*p + 3. Let l be o(-2). Let q = l + 5. Calculate the greatest common divisor of 48 and q.
12
Let s be 9/4 - 4/16. Let p = s + -1. What is the highest common divisor of p and 3?
1
Suppose -q = -3*b - 25 - 2, 0 = b - 1. Suppose -5*l - w = -14, 3*w = l - 3*l + 16. Suppose -22 = -a - l. What is the highest common divisor of q and a?
10
Let s = -9 - -23. What is the highest common divisor of s and 42?
14
Let p be (4 + 20)*(-3)/(-3). Suppose -w + 11 = 3*l, l - 9 = w - l. Let o(a) = -8*a**3 + a + 1. Let r be o(w). Calculate the greatest common factor of p and r.
8
Let z be ((-9)/15)/(2/(-20)). What is the highest common factor of 4 and z?
2
Let l = -6 - -4. Let j = 5 + l. Let q = 34 - 19. What is the greatest common factor of q and j?
3
Suppose -2*p - 4*c = 3*p - 68, -2*p - c = -26. What is the greatest common divisor of p and 54?
6
Let j(d) = 9*d + 1. Let x be j(2). Suppose -5*a - 3*y + 0*y = -73, -5*y + x = a. Let h = -83 - -139. What is the highest common divisor of h and a?
14
Let w = -12 - -26. Calculate the greatest common factor of 2 and w.
2
Let p be (-1 + 9)*(-162)/(-24). What is the highest common factor of 81 and p?
27
Let r = -172 - -119. Let v = -11 - r. Calculate the greatest common divisor of v and 6.
6
Suppose 30 = -2*y - y. Let m = y - -17. What is the greatest common factor of 77 and m?
7
Let s(j) = -j**2 - 13*j + 5. Let h be s(-13). Calculate the greatest common divisor of h and 1.
1
Let d be (45/4)/((-5)/(-20)). What is the greatest common factor of 30 and d?
15
Let b(l) = l**3 + 5*l**2 - l - 4. Let n be b(-4). Let k = 86 + -23. Suppose -k = j - 207. Calculate the greatest common divisor of n and j.
16
Suppose 0 = 5*i + 5 - 15. Let k be 0/(3 - (1 + 1)). Let s = k + 2. Calculate the highest common factor of i and s.
2
Let i(o) = -o - 1. Let k(x) = -4. Let v(m) = 3*i(m) + k(m). Let g be 3*15/(-18)*2. Let h be v(g). What is the highest common divisor of 8 and h?
8
Let c = 161 - 151. What is the greatest common divisor of 250 and c?
10
Let d = 10 + 7. Calculate the highest common factor of 51 and d.
17
Suppose -4*u = -3*v + 938, -u = -2*v + 393 + 224. Suppose 0 = -2*a + w + v, -768 = -3*a - 2*a + 4*w. Calculate the greatest common divisor of a and 19.
19
Let d be 2/8 + 158/8. Let n be -6*(-4)/12*20. Calculate the greatest common factor of n and d.
20
Let z = 326 - 126. What is the greatest common factor of 40 and z?
40
Let t be 1053/12 + (-7)/(-28). Calculate the highest common factor of 11 and t.
11
Let a = 4 + 1. Let d(l) = 2*l**2 + l - 2. Let k be d(5). Suppose -a*p = -k - 12. Calculate the greatest common divisor of 143 and p.
13
Suppose -9*j + 92 = -7. Calculate the highest common factor of 33 and j.
11
Suppose -14 - 14 = -i. What is the highest common factor of i and 4?
4
Suppose 7*g - 2049 + 320 = 0. What is the highest common factor of 13 and g?
13
Let q be 63 + 3/9*0. Let y = 21 - 12. What is the highest common factor of y and q?
9
Let x be (3/3)/((-2)/4). Let v be (x/(-4))/(1/2). Let p(n) = -n**3 + 10*n**2 + n - 1. Let s be p(10). What is the greatest common divisor of s and v?
1
Let v = -25 - -40. Suppose -5*t - 3*p = -p - 15, 4*p + 6 = 2*t. What is the highest common factor of v and t?
3
Suppose 3*u = -5*r + 40, 3*u - 5*r = -0*u - 10. Let g(s) = -6 + s - 1 + s. Let y be g(6). Calculate the greatest common factor of y and u.
5
Suppose 4*x - 2*x = 4. Let i(q) = 11*q + 2. Let t be i(x). Calculate the highest common divisor of 48 and t.
24
Let d = 19 - -35. Let s = -16 + 22. Calculate the greatest common factor of d and s.
6
Suppose -3*g = -6*g + 24. Let k be -9*6/(-9) - -2. What is the highest common divisor of k and g?
8
Suppose -6 - 62 = -4*q. Let l = 223 - 104. What is the greatest common factor of l and q?
17
Let t be ((-14)/(-8))/((-2)/(-40)). Suppose 12*f - 7*f - t = 0. What is the greatest common divisor of f and 1?
1
Let l = 14 + -10. Suppose 0 = l*p - 0 - 32. Suppose 0*t = -2*t + p. Calculate the greatest common factor of t and 16.
4
Suppose -4*d = d - 25. Suppose 2*i + d*r - 44 = -0*r, -4*i + r = -44. What is the highest common factor of 4 and i?
4
Let r(q) = 2*q**2 - 8*q + 3. Let f be r(5). Let b = f - -8. What is the greatest common factor of b and 3?
3
Suppose -16 = -4*j - 4. Let c(a) = a**2 + 4*a - 7. Let w be c(-6). Suppose 3*d = j*z + 48, -z + w = 4*z. Calculate the highest common factor of 68 and d.
17
Let d = 38 - -33. Suppose d = 4*h - 5. Calculate the greatest common divisor of 114 and h.
19
Let g be 5/1*(-2)/5. Let r be 56 + g - (3 - 3). What is the highest common factor of 6 and r?
6
Suppose -92 = -4*m + 132. Suppose -3*a = -2*t - m, 5 = t + 3. Let y be (-2)/(-5) - (-1112)/a. What is the highest common factor of 7 and y?
7
Suppose -5*x + 62 = -178. Let a(h) = -5*h - 18. Let v be a(-11). Let w = -31 + v. What is the greatest common divisor of x and w?
6
Let o(a) be the second derivative of a**3/3 + a**2/2 + 2*a. Let l be o(3). Let w = -37 + 72. Calculate the highest common factor of l and w.
7
Let o(k) = k**3 - 5*k**2 - 5*k - 5. Let p be o(6). Let b be 188 + (p/1 - 4). What is the highest common divisor of 37 and b?
37
Suppose 3*t = -t - 840. Let u be 2/(-3) - t/18. What is the greatest common divisor of 66 and u?
11
Suppose -3*d + 3*n + 8 + 31 = 0, -3*d + 37 = -2*n. Let f = d + -2. What is the highest common divisor of f and 36?
9
Let u = 3 - 0. What is the highest common divisor of u and 15?
3
Let a(x) = 4*x - 18. Let v be a(17). Calculate the greatest common divisor of v and 20.
10
Suppose 2*n - 20 = -3*n. Let f(i) = -18*i + 1. Let l be f(1). Let y = n - l. What is the highest common factor of 7 and y?
7
Suppose 0 = 3*i + 4*v - 14, -7*i + 3*i = -v + 13. Let x be 6 + (4 - i/(-2)). Calculate the greatest common divisor of x and 81.
9
Let v(p) = -13*p**2 + 1. Let m be v(1). Let u = m + 21. Calculate the greatest common factor of 18 and u.
9
Let d be (0 + 6)*50/3. Suppose 5*b - d = 100. Calculate the greatest common divisor of 10 and b.
10
Let i(l) = 13*l. Let q be i(6). Let w = -43 - -56. Calculate the highest common divisor of q and w.
13
Suppose -23*d + 24*d - 9 = 0. Calculate the highest common divisor of d and 207.
9
Let o(k) = 5*k**3 + k**2. Suppose -4 = -4*i - 3*j, -3*j = 2*j. Let l be o(i). Calculate the greatest common factor of 42 and l.
6
Let o(s) = 9*s**2. Let i be o(1). Suppose i = 3*n, 2*c + n + 23 = 6*n. Let d be (-66)/4*c/6. Calculate the greatest common divisor of 11 and d.
11
Let y be 21 + (-2)/(-1 + 3). Let s = 55 + -91. Let f be s/(-10) + (-4)/(-10). Calculate the greatest common divisor of f and y.
4
Let a(g) = 15*g**2 - 2*g + 1. Let m be a(2). Calculate the greatest common divisor of 3 and m.
3
Let y(f) = f**3 + 2*f - 2. Let n be y(2). What is the greatest common divisor of 5 and n?
5
Let q = 18 + -13. Suppose -q*j - s = -j - 28, -4*s + 16 = 4*j. What is the greatest common divisor of 32 and j?
8
Let i = -3 + 32. Let u = 0 + i. What is the greatest common divisor of u and 29?
29
Suppose 0 = 3*d - 9, -3*z + d + 18 = 3*d. Suppose 41 = 5*l + 3*v, -3*v + z*v - 7 = -l. Calculate the highest common divisor of l and 50.
10
Suppose -102 = -4*s + 2*n, 5*n = -5*s + 2*n + 122. What is the greatest common divisor of 20 and s?
5
Let a(k) = k - 2. Let w be a(6). Suppose 3 - 2 = q - 3*g, -3*q = 5*g - 17. Let p be 3/(-6) + 50/q. Calculate the greatest common factor of p and w.
4
Suppose 42 = 4*n - 46. Let d(c) = -c**2 - 9*c - 3. Let h be d(-7). What is the 